{"id":1010,"date":"2020-06-10T12:53:22","date_gmt":"2020-06-10T12:53:22","guid":{"rendered":"http:\/\/www.dynatherm.cz\/?page_id=1010"},"modified":"2020-06-16T11:43:26","modified_gmt":"2020-06-16T11:43:26","slug":"loxone","status":"publish","type":"page","link":"http:\/\/dynatherm.cz\/?page_id=1010","title":{"rendered":"Loxone"},"content":{"rendered":"<\/div><\/div><\/div><!-- close content main div --><\/div><\/div><div id='av_section_1' class='avia-section main_color avia-section-default avia-no-shadow avia-bg-style-scroll   container_wrap fullsize'   ><div class='container' ><div class='template-page content  av-content-full alpha units'><div class='post-entry post-entry-type-page post-entry-1010'><div class='entry-content-wrapper clearfix'>\n<div class='flex_column_table av-equal-height-column-flextable -flextable' ><div class=\"flex_column av_one_full  no_margin flex_column_table_cell av-equal-height-column av-align-top first  \" style='padding:20px; border-radius:0px; '><section class=\"av_textblock_section \"  itemscope=\"itemscope\" itemtype=\"https:\/\/schema.org\/CreativeWork\" ><div class='avia_textblock  '   itemprop=\"text\" ><h1 style=\"text-align: center;\"><strong>Spole\u010dnost Dynatherm.cz s.r.o. je partnerem <span style=\"color: #72b94d;\">LOXONE<\/span><\/strong><\/h1>\n<p style=\"text-align: center;\">Od prvn\u00ed my\u0161lenky a\u017e k posledn\u00ed \u00faprav\u011b \u2013 stav\u00edme na zku\u0161enostech a jako Loxone Partner ud\u011bl\u00e1me v\u0161e pro va\u0161i spokojenost.<\/p>\n<\/div><\/section><\/div><\/div><!--close column table wrapper. Autoclose: 1 --><div class='flex_column_table av-equal-height-column-flextable -flextable' ><div class=\"flex_column av_one_third  no_margin flex_column_table_cell av-equal-height-column av-align-top first  \" style='padding:20px; border-radius:0px; '><section class=\"av_textblock_section \"  itemscope=\"itemscope\" itemtype=\"https:\/\/schema.org\/CreativeWork\" ><div class='avia_textblock  '   itemprop=\"text\" ><h2><img loading=\"lazy\" class=\"alignleft \" src=\"http:\/\/www.dynatherm.cz\/wp-content\/uploads\/2020\/06\/Logo-LOXONE-1.png\" width=\"320\" height=\"71\" \/><\/h2>\n<\/div><\/section><\/div><\/div><!--close column table wrapper. Autoclose: 1 --><div class='flex_column_table av-equal-height-column-flextable -flextable' ><div class=\"flex_column av_two_third  no_margin flex_column_table_cell av-equal-height-column av-align-top   \" style='padding:20px; border-radius:0px; '><section class=\"av_textblock_section \"  itemscope=\"itemscope\" itemtype=\"https:\/\/schema.org\/CreativeWork\" ><div class='avia_textblock  av_inherit_color '  style='color:#ffffff; '  itemprop=\"text\" ><h2>I vy m\u016f\u017eete \u017e\u00edt v chytr\u00e9 dom\u00e1cnosti.<\/h2>\n<h3><span style=\"color: #72b94d;\">LOXONE &#8211; \u0159e\u0161en\u00ed ovl\u00e1d\u00e1n\u00ed a automatizace dom\u00e1cnosti.<\/span><\/h3>\n<\/div><\/section><\/div><\/div><!--close column table wrapper. Autoclose: 1 --><\/div><\/div><\/div><!-- close content main div --><\/div><\/div><div id='av_section_2' class='avia-section main_color avia-section-default avia-no-shadow av-section-color-overlay-active avia-bg-style-scroll   container_wrap fullsize' style = 'background-color: #ededed; '  ><div class='av-section-color-overlay-wrap'><div class='av-section-color-overlay' style='opacity: 1; background-color: #ededed; '><\/div><div class='container' ><div class='template-page content  av-content-full alpha units'><div class='post-entry post-entry-type-page post-entry-1010'><div class='entry-content-wrapper clearfix'>\n<div class='flex_column_table av-equal-height-column-flextable -flextable' ><div class=\"flex_column av_one_full  no_margin flex_column_table_cell av-equal-height-column av-align-top first  \" style='padding:20px; border-radius:0px; '><section class=\"av_textblock_section \"  itemscope=\"itemscope\" itemtype=\"https:\/\/schema.org\/CreativeWork\" ><div class='avia_textblock  av_inherit_color '  style='color:#020202; '  itemprop=\"text\" ><p style=\"text-align: left;\"><strong>Loxone je jednoduch\u00e9 \u0159e\u0161en\u00ed pro inteligentn\u00ed ovl\u00e1d\u00e1n\u00ed a automatizaci projekt\u016f v\u0161eho druhu: od jednotliv\u00fdch za\u0159\u00edzen\u00ed p\u0159es chytr\u00e9 dom\u00e1cnosti (smart home) a\u017e po rozs\u00e1hl\u00e9 budovy a komplexy.<\/strong><\/p>\n<blockquote>\n<p><span style=\"color: #72b94d;\">Chcete vid\u011bt, jak to vlastn\u011b cel\u00e9 funguje? R\u00e1di v\u00e1m to p\u0159edvedeme v s\u00eddle spole\u010dnosti Dynatherm, kde je syst\u00e9mem Loxone nainstalov\u00e1n.<\/span><\/p>\n<\/blockquote>\n<\/div><\/section><\/div><\/div><!--close column table wrapper. Autoclose: 1 --><div class='flex_column_table av-equal-height-column-flextable -flextable' ><div class=\"flex_column av_one_half  no_margin flex_column_table_cell av-equal-height-column av-align-top first  \" style='padding:20px; border-radius:0px; '><p><section class=\"av_textblock_section \"  itemscope=\"itemscope\" itemtype=\"https:\/\/schema.org\/CreativeWork\" ><div class='avia_textblock  av_inherit_color '  style='color:#7c7c7c; '  itemprop=\"text\" ><p><strong><img loading=\"lazy\" class=\"alignleft wp-image-1040\" src=\"http:\/\/www.dynatherm.cz\/wp-content\/uploads\/2020\/06\/loxone-phone.png\" alt=\"loxone-phone\" width=\"179\" height=\"472\" srcset=\"http:\/\/dynatherm.cz\/wp-content\/uploads\/2020\/06\/loxone-phone.png 258w, http:\/\/dynatherm.cz\/wp-content\/uploads\/2020\/06\/loxone-phone-114x300.png 114w\" sizes=\"(max-width: 179px) 100vw, 179px\" \/><span style=\"color: #72b94d;\">Jak v\u00e1m m\u016f\u017ee Loxone pomoci?<\/span><\/strong><\/p>\n<p>V\u00e1\u0161 d\u016fm \u010di byt za v\u00e1s \u0159e\u0161\u00ed nastaven\u00ed st\u00edn\u011bn\u00ed \u017ealuzi\u00ed v z\u00e1vislosti na intenzit\u011b slune\u010dn\u00edho z\u00e1\u0159en\u00ed, denn\u00ed dob\u011b i va\u0161\u00ed p\u0159\u00edtomnosti. Uprav\u00ed podle toho i topen\u00ed, aby nedo\u0161lo k p\u0159eh\u0159\u00e1t\u00ed interi\u00e9ru. Pozn\u00e1, kdy slunce sv\u00edt\u00ed p\u0159\u00edli\u0161 siln\u011b a osl\u0148uje v\u00e1s, nebo naopak, kdy je venku zima a je vhodn\u011bj\u0161\u00ed pustit slune\u010dn\u00ed paprsky do va\u0161eho domova. Pust\u00ed v\u00e1m obl\u00edbenou hudbu, d\u00e1 v\u00e1m v\u011bd\u011bt, \u017ee n\u011bkdo stoj\u00ed u dve\u0159\u00ed, za\u010dne na sebe upozor\u0148ovat v p\u0159\u00edpad\u011b, \u017ee se k v\u00e1m sna\u017e\u00ed n\u011bkdo vloupat. A nab\u00edz\u00ed i mnoho dal\u0161\u00edch funkc\u00ed, kter\u00e9 se v\u00e1m na str\u00e1nk\u00e1ch t\u00e9to bro\u017eury p\u0159edstav\u00edme.<\/p>\n<p>K tomu v\u0161emu jedin\u00e9 designov\u00e9 tla\u010d\u00edtko a mobiln\u00ed aplikace.<\/p>\n<div class='avia-button-wrap avia-button-center '><a href='http:\/\/www.dynatherm.cz\/wp-content\/uploads\/2020\/06\/\u0158e\u0161en\u00ed-ovl\u00e1d\u00e1n\u00ed-a-automatizace-dom\u00e1cnosti.pdf' class='avia-button   avia-icon_select-no avia-color-custom avia-size-large avia-position-center '  style='background-color:#72b94d; border-color:#72b94d; color:#ffffff; ' ><span class='avia_iconbox_title' >V\u0161e o syst\u00e9mu LOXONE najdete zde (pdf)<\/span><\/a><\/div>\n<\/div><\/section><br \/>\n<div  class='hr hr-default  '><span class='hr-inner ' ><span class='hr-inner-style'><\/span><\/span><\/div><br \/>\n<form action=\"http:\/\/dynatherm.cz\/?page_id=1010\" method=\"post\"  class=\"avia_ajax_form av-form-labels-visible   av-custom-form-color av-dark-form \" data-avia-form-id=\"1\" data-avia-redirect=''><fieldset><h3>M\u00e1te z\u00e1jem o LOXONE? Kontaktujte n\u00e1s:<\/h3><p class=' first_form  form_element form_element_third' id='element_avia_1_1'><label for=\"avia_1_1\">Va\u0161e jm\u00e9no<\/label> <input name=\"avia_1_1\" class=\"text_input \" type=\"text\" id=\"avia_1_1\" value=\"\" \/><\/p><p class=' form_element form_element_third' id='element_avia_2_1'><label for=\"avia_2_1\">E-Mail <abbr class=\"required\" title=\"required\">*<\/abbr><\/label> <input name=\"avia_2_1\" class=\"text_input is_email\" type=\"text\" id=\"avia_2_1\" value=\"\" \/><\/p><p class=' form_element form_element_third' id='element_avia_3_1'><label for=\"avia_3_1\">Telefon<\/label> <input name=\"avia_3_1\" class=\"text_input \" type=\"text\" id=\"avia_3_1\" value=\"\" \/><\/p><p class=' first_form  form_element form_fullwidth av-last-visible-form-element' id='element_avia_4_1'>\t <label for=\"avia_4_1\" class=\"textare_label hidden textare_label_avia_4_1\">Zpr\u00e1va pro n\u00e1s<\/label>\t <textarea  name=\"avia_4_1\" class=\"text_area \" cols=\"40\" rows=\"7\" id=\"avia_4_1\" ><\/textarea><\/p><p class=\"hidden\"><input type=\"text\" name=\"avia_5_1\" class=\"hidden \" id=\"avia_5_1\" value=\"\" \/><\/p><p class=\"form_element \"><input type=\"hidden\" value=\"1\" name=\"avia_generated_form1\" \/><input type=\"submit\" value=\"Odeslat\" class=\"button\"  data-sending-label=\"Sending\"\/><\/p><\/fieldset><\/form><div id=\"ajaxresponse_1\" class=\"ajaxresponse ajaxresponse_1 hidden\"><\/div><br \/>\n<div  class='hr hr-default  '><span class='hr-inner ' ><span class='hr-inner-style'><\/span><\/span><\/div><\/p><\/div><\/div><!--close column table wrapper. Autoclose: 1 --><div class='flex_column_table av-equal-height-column-flextable -flextable' ><div class=\"flex_column av_one_half  no_margin flex_column_table_cell av-equal-height-column av-align-top   \" style='padding:20px; border-radius:0px; '><p><section class=\"av_textblock_section \"  itemscope=\"itemscope\" itemtype=\"https:\/\/schema.org\/CreativeWork\" ><div class='avia_textblock  av_inherit_color '  style='color:#7c7c7c; '  itemprop=\"text\" ><p><span style=\"color: #72b94d;\"><strong>Funkce Loxone<\/strong><\/span><\/p>\n<\/div><\/section><br \/>\n<div class='avia-icon-list-container  '><ul class='avia-icon-list avia-icon-list-left av-iconlist-big avia_animate_when_almost_visible'>\n<li><div  style='background-color:#72b94d; ' class='iconlist_icon  avia-font-entypo-fontello'><span class='iconlist-char ' aria-hidden='true' data-av_icon='\ue866' data-av_iconfont='entypo-fontello'><\/span><\/div><article class=\"article-icon-entry \"  itemscope=\"itemscope\" itemtype=\"https:\/\/schema.org\/CreativeWork\" ><div class='iconlist_content_wrap'><header class=\"entry-content-header\"><h4 class='av_iconlist_title iconlist_title av_inherit_color '  itemprop=\"headline\"   style='color:#72b94d; '>Osv\u011btlen\u00ed<\/h4><\/header><div class='iconlist_content  '  itemprop=\"text\"  ><p>Osv\u011btlen\u00ed je d\u016fle\u017eit\u00fdm n\u00e1strojem ovliv\u0148uj\u00edc\u00edm celkovou atmosf\u00e9ru va\u0161eho domova. Jeho ovl\u00e1d\u00e1n\u00ed vy\u017eaduje pravideln\u00e9 cesty k vyp\u00edna\u010d\u016fm i kontrolu zhas\u00edn\u00e1n\u00ed p\u0159i odchodu<br \/>\nz m\u00edstnosti \u010di domu. D\u00edky Loxone dostanete op\u011bt jedno tla\u010d\u00edtko, ale je\u0161t\u011b mnohem v\u00edce.<\/p>\n<\/div><\/div><footer class=\"entry-footer\"><\/footer><\/article><div class='iconlist-timeline'><\/div><\/li>\n<li><div  style='background-color:#72b94d; ' class='iconlist_icon  avia-font-entypo-fontello'><span class='iconlist-char ' aria-hidden='true' data-av_icon='\ue8ce' data-av_iconfont='entypo-fontello'><\/span><\/div><article class=\"article-icon-entry \"  itemscope=\"itemscope\" itemtype=\"https:\/\/schema.org\/CreativeWork\" ><div class='iconlist_content_wrap'><header class=\"entry-content-header\"><h4 class='av_iconlist_title iconlist_title av_inherit_color '  itemprop=\"headline\"   style='color:#72b94d; '>Vyt\u00e1p\u011bn\u00ed<\/h4><\/header><div class='iconlist_content  '  itemprop=\"text\"  ><p>Komfort, nebo \u00faspory? S Loxone m\u00e1te oboj\u00ed, konkr\u00e9tn\u011b pod term\u00ednem z\u00f3nov\u00e1 regulace. To znamen\u00e1, \u017ee o teplot\u011b v ka\u017ed\u00e9 m\u00edstnosti rozhodujete vy, nikoliv centr\u00e1ln\u00ed termostat. P\u0159itom nez\u00e1le\u017e\u00ed, jak\u00fd zdroj tepla vyu\u017e\u00edv\u00e1te.<\/p>\n<\/div><\/div><footer class=\"entry-footer\"><\/footer><\/article><div class='iconlist-timeline'><\/div><\/li>\n<li><div  style='background-color:#72b94d; ' class='iconlist_icon  avia-font-entypo-fontello'><span class='iconlist-char ' aria-hidden='true' data-av_icon='\ue824' data-av_iconfont='entypo-fontello'><\/span><\/div><article class=\"article-icon-entry \"  itemscope=\"itemscope\" itemtype=\"https:\/\/schema.org\/CreativeWork\" ><div class='iconlist_content_wrap'><header class=\"entry-content-header\"><h4 class='av_iconlist_title iconlist_title av_inherit_color '  itemprop=\"headline\"   style='color:#72b94d; '>Zabezpe\u010den\u00ed<\/h4><\/header><div class='iconlist_content  '  itemprop=\"text\"  ><p>Po\u017e\u00e1r, z\u00e1plava, naru\u0161itel. S Loxone se v\u00e1\u0161 d\u016fm um\u00ed br\u00e1nit a d\u011bl\u00e1 v\u0161e pro to, aby minimalizoval \u0161kody. Pomoc\u00ed techniky odrad\u00ed nezvan\u00e9 hosty, ale tak\u00e9 upout\u00e1 pozornost okol\u00ed (st\u00edn\u011bn\u00ed vyjede vzh\u016fru, rozblik\u00e1 se osv\u011btlen\u00ed, audiosyst\u00e9m spust\u00ed alarm atp.).<\/p>\n<\/div><\/div><footer class=\"entry-footer\"><\/footer><\/article><div class='iconlist-timeline'><\/div><\/li>\n<li><div  style='background-color:#72b94d; ' class='iconlist_icon  avia-font-entypo-fontello'><span class='iconlist-char ' aria-hidden='true' data-av_icon='\ue806' data-av_iconfont='entypo-fontello'><\/span><\/div><article class=\"article-icon-entry \"  itemscope=\"itemscope\" itemtype=\"https:\/\/schema.org\/CreativeWork\" ><div class='iconlist_content_wrap'><header class=\"entry-content-header\"><h4 class='av_iconlist_title iconlist_title av_inherit_color '  itemprop=\"headline\"   style='color:#72b94d; '>Centr\u00e1ln\u00ed funkce<\/h4><\/header><div class='iconlist_content  '  itemprop=\"text\"  ><p>Ovl\u00e1dat mnoho technologi\u00ed a funkc\u00ed v dom\u011b se m\u016f\u017ee jevit komplikovan\u011b. S Loxone v\u00e1m ale centr\u00e1ln\u00ed funkce pomohou m\u00edt p\u0159ehled a kontrolu kdykoliv a kdekoliv a \u0161et\u0159it tak drahocenn\u00fd \u010das.<\/p>\n<\/div><\/div><footer class=\"entry-footer\"><\/footer><\/article><div class='iconlist-timeline'><\/div><\/li>\n<li><div  style='background-color:#72b94d; ' class='iconlist_icon  avia-font-entypo-fontello'><span class='iconlist-char ' aria-hidden='true' data-av_icon='\ue867' data-av_iconfont='entypo-fontello'><\/span><\/div><article class=\"article-icon-entry \"  itemscope=\"itemscope\" itemtype=\"https:\/\/schema.org\/CreativeWork\" ><div class='iconlist_content_wrap'><header class=\"entry-content-header\"><h4 class='av_iconlist_title iconlist_title av_inherit_color '  itemprop=\"headline\"   style='color:#72b94d; '>St\u00edn\u011bn\u00ed<\/h4><\/header><div class='iconlist_content  '  itemprop=\"text\"  ><p>Do inteligentn\u00ed dom\u00e1cnosti m\u016f\u017eete p\u0159ipojit \u0159\u00edzen\u00ed \u017ealuzi\u00ed, rolet, mark\u00fdz i dal\u0161\u00ed st\u00ednic\u00ed techniky. Odpadne v\u00e1m tak nemal\u00e1 \u010d\u00e1st starost\u00ed a vyu\u017eijete kone\u010dn\u011b investici do st\u00edn\u011bn\u00ed efektivn\u011b.<\/p>\n<\/div><\/div><footer class=\"entry-footer\"><\/footer><\/article><div class='iconlist-timeline'><\/div><\/li>\n<li><div  style='background-color:#72b94d; ' class='iconlist_icon  avia-font-entypo-fontello'><span class='iconlist-char ' aria-hidden='true' data-av_icon='\ue800' data-av_iconfont='entypo-fontello'><\/span><\/div><article class=\"article-icon-entry \"  itemscope=\"itemscope\" itemtype=\"https:\/\/schema.org\/CreativeWork\" ><div class='iconlist_content_wrap'><header class=\"entry-content-header\"><h4 class='av_iconlist_title iconlist_title av_inherit_color '  itemprop=\"headline\"   style='color:#72b94d; '>Multim\u00e9dia<\/h4><\/header><div class='iconlist_content  '  itemprop=\"text\"  ><p>V chytr\u00e9m dom\u011b multim\u00e9dia mohou vedle z\u00e1bavy a relaxace plnit i \u00falohy \u010dist\u011b praktick\u00e9 a dokonce i bezpe\u010dnostn\u00ed.<\/p>\n<\/div><\/div><footer class=\"entry-footer\"><\/footer><\/article><div class='iconlist-timeline'><\/div><\/li>\n<li><div  style='background-color:#72b94d; ' class='iconlist_icon  avia-font-entypo-fontello'><span class='iconlist-char ' aria-hidden='true' data-av_icon='\ue821' data-av_iconfont='entypo-fontello'><\/span><\/div><article class=\"article-icon-entry \"  itemscope=\"itemscope\" itemtype=\"https:\/\/schema.org\/CreativeWork\" ><div class='iconlist_content_wrap'><header class=\"entry-content-header\"><h4 class='av_iconlist_title iconlist_title av_inherit_color '  itemprop=\"headline\"   style='color:#72b94d; '>P\u0159\u00edstup<\/h4><\/header><div class='iconlist_content  '  itemprop=\"text\"  ><p>Intercom, ovl\u00e1d\u00e1n\u00ed gar\u00e1\u017ee a branky, Sklen\u011bn\u00e1 kl\u00e1vesnice NFC Code Touch pro p\u0159\u00edstup do domu pomoc\u00ed \u010d\u00edseln\u00e9ho k\u00f3du \u010di NFC p\u0159\u00edv\u011bsku.<\/p>\n<\/div><\/div><footer class=\"entry-footer\"><\/footer><\/article><div class='iconlist-timeline'><\/div><\/li>\n<\/ul><\/div><\/p><\/div><\/div><!--close column table wrapper. Autoclose: 1 -->\n<\/p>\n","protected":false},"excerpt":{"rendered":"","protected":false},"author":1,"featured_media":0,"parent":0,"menu_order":0,"comment_status":"closed","ping_status":"closed","template":"","meta":[],"_links":{"self":[{"href":"http:\/\/dynatherm.cz\/index.php?rest_route=\/wp\/v2\/pages\/1010"}],"collection":[{"href":"http:\/\/dynatherm.cz\/index.php?rest_route=\/wp\/v2\/pages"}],"about":[{"href":"http:\/\/dynatherm.cz\/index.php?rest_route=\/wp\/v2\/types\/page"}],"author":[{"embeddable":true,"href":"http:\/\/dynatherm.cz\/index.php?rest_route=\/wp\/v2\/users\/1"}],"replies":[{"embeddable":true,"href":"http:\/\/dynatherm.cz\/index.php?rest_route=%2Fwp%2Fv2%2Fcomments&post=1010"}],"version-history":[{"count":34,"href":"http:\/\/dynatherm.cz\/index.php?rest_route=\/wp\/v2\/pages\/1010\/revisions"}],"predecessor-version":[{"id":1059,"href":"http:\/\/dynatherm.cz\/index.php?rest_route=\/wp\/v2\/pages\/1010\/revisions\/1059"}],"wp:attachment":[{"href":"http:\/\/dynatherm.cz\/index.php?rest_route=%2Fwp%2Fv2%2Fmedia&parent=1010"}],"curies":[{"name":"wp","href":"https:\/\/api.w.org\/{rel}","templated":true}]}}