{"id":898,"date":"2018-05-16T06:54:21","date_gmt":"2018-05-16T06:54:21","guid":{"rendered":"http:\/\/www.dynatherm.cz\/?page_id=898"},"modified":"2018-08-01T11:57:31","modified_gmt":"2018-08-01T11:57:31","slug":"uplatneni","status":"publish","type":"page","link":"http:\/\/dynatherm.cz\/?page_id=898","title":{"rendered":"Uplatn\u011bn\u00ed"},"content":{"rendered":"<\/div><\/div><\/div><!-- close content main div --><\/div><\/div><div id='av_section_1' class='avia-section main_color avia-section-small avia-no-shadow av-section-color-overlay-active avia-bg-style-scroll   container_wrap fullsize'   ><div class='av-section-color-overlay-wrap'><div class='av-section-color-overlay' style='opacity: 0.3; background-image: url(http:\/\/www.dynatherm.cz\/wp-content\/uploads\/2018\/03\/podklad02.jpg); background-repeat: repeat;'><\/div><div class='container' ><div class='template-page content  av-content-full alpha units'><div class='post-entry post-entry-type-page post-entry-898'><div class='entry-content-wrapper clearfix'>\n<div class='flex_column_table av-equal-height-column-flextable -flextable' ><div class=\"flex_column av_three_fifth  no_margin flex_column_table_cell av-equal-height-column av-align-top first  \" style='padding:20px; border-radius:0px; '><section class=\"av_textblock_section \"  itemscope=\"itemscope\" itemtype=\"https:\/\/schema.org\/CreativeWork\" ><div class='avia_textblock  '   itemprop=\"text\" ><h3>Podlahov\u00e9 akumula\u010dn\u00ed vyt\u00e1p\u011bn\u00ed<\/h3>\n<p>U podlahov\u00e9ho akumula\u010dn\u00edho vyt\u00e1p\u011bn\u00ed je elektrick\u00e1 energie p\u0159em\u011b\u0148ov\u00e1na na teplo, kter\u00e9 je se zpo\u017ed\u011bn\u00edm p\u0159ed\u00e1v\u00e1no p\u0159es povrch podlahy do prostoru. K &#8222;nabit\u00ed&#8220; podlahy doch\u00e1z\u00ed pomoc\u00ed topn\u00e9 f\u00f3lie zabudovan\u00e9 pod betonovou mazaninou v dob\u011b tarifu levn\u011bj\u0161\u00edho no\u010dn\u00edho proudu.<\/p>\n<p>Topn\u00e1 f\u00f3lie (8) je celoplo\u0161n\u011b pota\u017eena separa\u010dn\u00ed PE f\u00f3li\u00ed Gefitas FE 150 (7), kter\u00e1 chr\u00e1n\u00ed topnou f\u00f3lii p\u0159ed vodou a agresivn\u00edmi chemick\u00fdmi l\u00e1tkami. Dilata\u010dn\u00ed p\u00e1s (4) chr\u00e1n\u00ed podlahy p\u0159ed \u00fa\u010dinky sil vznikl\u00fdch roztahov\u00e1n\u00edm podlahy vlivem tepla, kter\u00e9 by mohly v\u00e9st k poprask\u00e1n\u00ed podlahy.<\/p>\n<p>P\u0159ed p\u0159eh\u0159\u00e1t\u00edm chr\u00e1n\u00ed podlahy teplotn\u00ed \u010didlo (3), kter\u00e9 v p\u0159\u00edpad\u011b, \u017ee dojde k zamezen\u00ed vyza\u0159ov\u00e1n\u00ed tepla z podlahy, odpoj\u00ed cel\u00fd syst\u00e9m.<\/p>\n<\/div><\/section><\/div><\/div><!--close column table wrapper. Autoclose: 1 --><div class='flex_column_table av-equal-height-column-flextable -flextable' ><div class=\"flex_column av_two_fifth  no_margin flex_column_table_cell av-equal-height-column av-align-top   \" style='padding:20px; border-radius:0px; '><section class=\"av_textblock_section \"  itemscope=\"itemscope\" itemtype=\"https:\/\/schema.org\/CreativeWork\" ><div class='avia_textblock  '   itemprop=\"text\" ><p><img loading=\"lazy\" class=\"alignnone size-full wp-image-899\" src=\"http:\/\/www.dynatherm.cz\/wp-content\/uploads\/2018\/05\/akumulacni-vytapeni.jpg\" alt=\"podlahov\u00e9 akumula\u010dn\u00ed vyt\u00e1p\u011bn\u00ed\" width=\"490\" height=\"220\" srcset=\"http:\/\/dynatherm.cz\/wp-content\/uploads\/2018\/05\/akumulacni-vytapeni.jpg 490w, http:\/\/dynatherm.cz\/wp-content\/uploads\/2018\/05\/akumulacni-vytapeni-300x135.jpg 300w, http:\/\/dynatherm.cz\/wp-content\/uploads\/2018\/05\/akumulacni-vytapeni-450x202.jpg 450w\" sizes=\"(max-width: 490px) 100vw, 490px\" \/><\/p>\n<\/div><\/section><\/div><\/div><!--close column table wrapper. Autoclose: 1 -->\n\n<\/div><\/div><\/div><!-- close content main div --><\/div><\/div><\/div><div id='av_section_2' class='avia-section main_color avia-section-small avia-no-shadow av-section-color-overlay-active avia-bg-style-scroll   container_wrap fullsize'   ><div class='av-section-color-overlay-wrap'><div class='av-section-color-overlay' style='opacity: 1; background-color: #545454; '><\/div><div class='container' ><div class='template-page content  av-content-full alpha units'><div class='post-entry post-entry-type-page post-entry-898'><div class='entry-content-wrapper clearfix'>\n<div class='flex_column_table av-equal-height-column-flextable -flextable' ><div class=\"flex_column av_two_fifth  no_margin flex_column_table_cell av-equal-height-column av-align-top first  \" style='padding:20px; border-radius:0px; '><section class=\"av_textblock_section \"  itemscope=\"itemscope\" itemtype=\"https:\/\/schema.org\/CreativeWork\" ><div class='avia_textblock  '   itemprop=\"text\" ><p><img loading=\"lazy\" class=\"alignnone size-full wp-image-902\" src=\"http:\/\/www.dynatherm.cz\/wp-content\/uploads\/2018\/05\/prime-vytapeni.jpg\" alt=\"p\u0159\u00edm\u00e9 vyt\u00e1p\u011bn\u00ed\" width=\"490\" height=\"220\" srcset=\"http:\/\/dynatherm.cz\/wp-content\/uploads\/2018\/05\/prime-vytapeni.jpg 490w, http:\/\/dynatherm.cz\/wp-content\/uploads\/2018\/05\/prime-vytapeni-300x135.jpg 300w, http:\/\/dynatherm.cz\/wp-content\/uploads\/2018\/05\/prime-vytapeni-450x202.jpg 450w\" sizes=\"(max-width: 490px) 100vw, 490px\" \/><\/p>\n<\/div><\/section><\/div><\/div><!--close column table wrapper. Autoclose: 1 --><div class='flex_column_table av-equal-height-column-flextable -flextable' ><div class=\"flex_column av_three_fifth  no_margin flex_column_table_cell av-equal-height-column av-align-top   \" style='padding:20px; border-radius:0px; '><section class=\"av_textblock_section \"  itemscope=\"itemscope\" itemtype=\"https:\/\/schema.org\/CreativeWork\" ><div class='avia_textblock  '  style='font-size:14px; '  itemprop=\"text\" ><div class=\"text cf design-01\">\n<h3>Dynafloor P\u0159\u00edm\u00e9 vyt\u00e1p\u011bn\u00ed<\/h3>\n<p>Na rozd\u00edl od podlahov\u00e9ho akumula\u010dn\u00edho vyt\u00e1p\u011bn\u00ed je u p\u0159\u00edm\u00e9ho vyt\u00e1p\u011bn\u00ed teplo vyr\u00e1b\u011bn\u00e9 elektrickou energi\u00ed p\u0159ed\u00e1v\u00e1no p\u0159es povrch podlahy do prostoru jen s nepatrn\u00fdm zpo\u017ed\u011bn\u00edm.<\/p>\n<p>Proto jsou f\u00f3lie Dynatherm (dynafloor) um\u00edst\u011bny co nejbl\u00ed\u017ee k vrchn\u00ed vrstv\u011b podlahy, co\u017e umo\u017e\u0148uje jej\u00ed rychl\u00e9 zah\u0159\u00e1t\u00ed.<\/p>\n<p>Podlaha mus\u00ed b\u00fdt kv\u016fli sv\u00e9 teplotn\u00ed rozta\u017enosti osazena dilata\u010dn\u00edm p\u00e1sem (4). Teplotn\u00ed \u010didlo (3) se nach\u00e1z\u00ed pod topnou f\u00f3li\u00ed (5). Instalace Dynafloor f\u00f3lie s v\u00fdkonem 70W \/bm a tlou\u0161\u0165kou 0.4 mm je vhodn\u00e1 pro v\u0161echny b\u011b\u017en\u00e9 podlahov\u00e9 krytiny.<\/p>\n<p>F\u00f3lie Dynaflooru je pota\u017eena skelnou tkaninou, aby l\u00e9pe p\u0159ilnula k flexibiln\u00edmu lepidlu na dla\u017edice.<\/p>\n<\/div>\n<\/div><\/section><\/div><\/div><!--close column table wrapper. Autoclose: 1 -->\n\n<\/div><\/div><\/div><!-- close content main div --><\/div><\/div><\/div><div id='av_section_3' class='avia-section main_color avia-section-small avia-no-shadow av-section-color-overlay-active avia-bg-style-scroll   container_wrap fullsize'   ><div class='av-section-color-overlay-wrap'><div class='av-section-color-overlay' style='opacity: 0.3; background-image: url(http:\/\/www.dynatherm.cz\/wp-content\/uploads\/2018\/03\/podklad02.jpg); background-repeat: repeat;'><\/div><div class='container' ><div class='template-page content  av-content-full alpha units'><div class='post-entry post-entry-type-page post-entry-898'><div class='entry-content-wrapper clearfix'>\n<div class='flex_column_table av-equal-height-column-flextable -flextable' ><div class=\"flex_column av_three_fifth  no_margin flex_column_table_cell av-equal-height-column av-align-top first  \" style='padding:20px; border-radius:0px; '><section class=\"av_textblock_section \"  itemscope=\"itemscope\" itemtype=\"https:\/\/schema.org\/CreativeWork\" ><div class='avia_textblock  '   itemprop=\"text\" ><h3>Stropn\u00ed vyt\u00e1p\u011bn\u00ed<\/h3>\n<p>Tak\u00e9 u stropn\u00edho vyt\u00e1p\u011bn\u00ed plat\u00ed z\u00e1sada, \u017ee \u010d\u00edm je topn\u00e1 plocha v\u011bt\u0161\u00ed, t\u00edm ni\u017e\u0161\u00ed m\u016f\u017ee b\u00fdt provozn\u00ed teplota (max 35 \u00b0C) a v\u00fddeje tepla je dosa\u017eeno jeho vyza\u0159ov\u00e1n\u00edm. Dal\u0161\u00ed velkou v\u00fdhodou je, \u017ee plochy stropu nejsou zastav\u011bny nebo jinak vyu\u017eity.<\/p>\n<p>Pod hrubou stropn\u00ed deskou jsou konstrukce z lat\u00ed slou\u017e\u00edc\u00ed k p\u0159ichycen\u00ed DYNATHERM Topn\u00e9 f\u00f3lie. Topn\u00e1 f\u00f3lie se nasponkuje na lat\u011b, ani\u017e by do\u0161lo k po\u0161kozen\u00ed vodi\u010d\u016f. Meziprostory jsou vypln\u011bny izolac\u00ed.Zakon\u010den\u00ed spodn\u00edho p\u0159ekryt\u00ed je ze s\u00e1drokartonu, d\u0159eva nebo m\u016f\u017ee b\u00fdt i z jin\u00e9ho materi\u00e1lu.<\/p>\n<p>D\u00edky efektu vyza\u0159ovan\u00e9ho tepla stropn\u00ed vyt\u00e1p\u011bn\u00ed zaru\u010duje vyrovnan\u00e9 pokojov\u00e9 klima. V\u011bci, kter\u00e9 se nach\u00e1zej\u00ed v prostoru, absorbuj\u00ed vyza\u0159ovanou tepelnou energii.<\/p>\n<p>Oblast hlavy i nohou je rovnom\u011brn\u011b a p\u0159\u00edjemn\u011b oh\u0159\u00edv\u00e1na.<\/p>\n<\/div><\/section><\/div><\/div><!--close column table wrapper. Autoclose: 1 --><div class='flex_column_table av-equal-height-column-flextable -flextable' ><div class=\"flex_column av_two_fifth  no_margin flex_column_table_cell av-equal-height-column av-align-top   \" style='padding:20px; border-radius:0px; '><section class=\"av_textblock_section \"  itemscope=\"itemscope\" itemtype=\"https:\/\/schema.org\/CreativeWork\" ><div class='avia_textblock  '   itemprop=\"text\" ><p><img loading=\"lazy\" class=\"alignnone size-full wp-image-906\" src=\"http:\/\/www.dynatherm.cz\/wp-content\/uploads\/2018\/05\/stropni-vytapeni.jpg\" alt=\"stropn\u00ed vyt\u00e1p\u011bn\u00ed\" width=\"380\" height=\"268\" srcset=\"http:\/\/dynatherm.cz\/wp-content\/uploads\/2018\/05\/stropni-vytapeni.jpg 380w, http:\/\/dynatherm.cz\/wp-content\/uploads\/2018\/05\/stropni-vytapeni-300x212.jpg 300w\" sizes=\"(max-width: 380px) 100vw, 380px\" \/><\/p>\n<\/div><\/section><\/div><\/div><!--close column table wrapper. Autoclose: 1 -->\n\n<\/div><\/div><\/div><!-- close content main div --><\/div><\/div><\/div><div id='av_section_4' class='avia-section main_color avia-section-small avia-no-shadow av-section-color-overlay-active avia-bg-style-scroll   container_wrap fullsize'   ><div class='av-section-color-overlay-wrap'><div class='av-section-color-overlay' style='opacity: 1; background-color: #545454; '><\/div><div class='container' ><div class='template-page content  av-content-full alpha units'><div class='post-entry post-entry-type-page post-entry-898'><div class='entry-content-wrapper clearfix'>\n<div class='flex_column_table av-equal-height-column-flextable -flextable' ><div class=\"flex_column av_two_fifth  no_margin flex_column_table_cell av-equal-height-column av-align-top first  \" style='padding:20px; border-radius:0px; '><section class=\"av_textblock_section \"  itemscope=\"itemscope\" itemtype=\"https:\/\/schema.org\/CreativeWork\" ><div class='avia_textblock  '   itemprop=\"text\" ><p><img loading=\"lazy\" class=\"alignnone size-full wp-image-908\" src=\"http:\/\/www.dynatherm.cz\/wp-content\/uploads\/2018\/05\/vytapeni-kostelnich-lavic.jpg\" alt=\"oh\u0159ev kosteln\u00edch lavic\" width=\"380\" height=\"360\" srcset=\"http:\/\/dynatherm.cz\/wp-content\/uploads\/2018\/05\/vytapeni-kostelnich-lavic.jpg 380w, http:\/\/dynatherm.cz\/wp-content\/uploads\/2018\/05\/vytapeni-kostelnich-lavic-300x284.jpg 300w\" sizes=\"(max-width: 380px) 100vw, 380px\" \/><\/p>\n<\/div><\/section><\/div><\/div><!--close column table wrapper. Autoclose: 1 --><div class='flex_column_table av-equal-height-column-flextable -flextable' ><div class=\"flex_column av_three_fifth  no_margin flex_column_table_cell av-equal-height-column av-align-top   \" style='padding:20px; border-radius:0px; '><section class=\"av_textblock_section \"  itemscope=\"itemscope\" itemtype=\"https:\/\/schema.org\/CreativeWork\" ><div class='avia_textblock  '  style='font-size:14px; '  itemprop=\"text\" ><div class=\"text cf design-01\">\n<h3>Oh\u0159ev kosteln\u00edch lavic<\/h3>\n<p>Ve star\u00fdch budov\u00e1ch, jako jsou nap\u0159\u00edklad kostely, nen\u00ed \u017e\u00e1dn\u00e9 vyt\u00e1p\u011bn\u00ed nebo jsou vyu\u017e\u00edv\u00e1ny jin\u00e9 tepeln\u00e9 zdroje. V takov\u00fdchto velk\u00fdch prostor\u00e1ch, kde jsou \u010dasto ( p\u0159edev\u0161\u00edm v zim\u011b ) n\u00edzk\u00e9 teploty, doporu\u010dujeme c\u00edlen\u00e9 vyh\u0159\u00edv\u00e1n\u00ed na m\u00edstech, kde se nach\u00e1zej\u00ed n\u00e1v\u0161t\u011bvn\u00edci nej\u010dast\u011bji, tj.lavic.<\/p>\n<p>Pod m\u00edstem k sezen\u00ed a pod op\u011bradly je zabudov\u00e1na DYNATHERM Topn\u00e1 f\u00f3lie s p\u0159ekryt\u00edm. Tepeln\u00e9 z\u00e1\u0159en\u00ed se roz\u0161\u00ed\u0159\u00ed pomalu a rovnom\u011brn\u011b do m\u00edst, kde se sed\u00ed.Topn\u00e1 f\u00f3lie pro kosteln\u00ed lavice m\u00e1 speci\u00e1ln\u00ed \u0161\u00ed\u0159i 25 cm, tak\u017ee je pou\u017eiteln\u00e1 pro v\u0161echna m\u00edsta.<\/p>\n<p>V\u00fdkon 60 W\/bm zaru\u010duje p\u0159\u00edjemnou tepelnou pohodu, ani\u017e bychom poznali, kde se nach\u00e1z\u00ed tepeln\u00fd zdroj.<\/p>\n<p>Jednoduch\u00e1 instalace a regulace jsou dal\u0161\u00edmi argumenty pro nasazen\u00ed tohoto snadno c\u00edlen\u00e9ho a \u0159\u00edzen\u00e9ho syst\u00e9mu<\/p>\n<\/div>\n<\/div><\/section><\/div><\/div><!--close column table wrapper. Autoclose: 1 -->\n\n<\/div><\/div><\/div><!-- close content main div --><\/div><\/div><\/div><div id='av_section_5' class='avia-section main_color avia-section-small avia-no-shadow av-section-color-overlay-active avia-bg-style-scroll   container_wrap fullsize'   ><div class='av-section-color-overlay-wrap'><div class='av-section-color-overlay' style='opacity: 0.3; background-image: url(http:\/\/www.dynatherm.cz\/wp-content\/uploads\/2018\/03\/podklad02.jpg); background-repeat: repeat;'><\/div><div class='container' ><div class='template-page content  av-content-full alpha units'><div class='post-entry post-entry-type-page post-entry-898'><div class='entry-content-wrapper clearfix'>\n<div class='flex_column_table av-equal-height-column-flextable -flextable' ><div class=\"flex_column av_three_fifth  no_margin flex_column_table_cell av-equal-height-column av-align-top first  \" style='padding:20px; border-radius:0px; '><section class=\"av_textblock_section \"  itemscope=\"itemscope\" itemtype=\"https:\/\/schema.org\/CreativeWork\" ><div class='avia_textblock  '   itemprop=\"text\" ><h3>Oh\u0159ev venkovn\u00edch ploch<\/h3>\n<p>Topn\u00e1 f\u00f3lie je vhodn\u00e1 tak\u00e9 v chladn\u00fdch ro\u010dn\u00edch obdob\u00edch pro udr\u017een\u00ed venkovn\u00edch ploch bez ledu a n\u00e1mrazy. Topn\u00e1 f\u00f3lie zaru\u010d\u00ed bezpe\u010dnost dom\u00e1c\u00edho vchodu nebo vjezdu do sklepn\u00ed gar\u00e1\u017ee, ani\u017e byste museli pou\u017e\u00edt \u0161krabku na sn\u00edh nebo sypat s\u016fl. To v\u0161e u\u017e pat\u0159\u00ed minulosti.Topn\u00e1 f\u00f3lie m\u00e1 vysok\u00fd v\u00fdkon od 160 do 180 W\/bm, tak\u017ee funguje rychle a efektivn\u011b. P\u00e1s f\u00f3lie je \u0161irok\u00fd 50 cm a umo\u017e\u0148uje p\u0159izp\u016fsobit pokl\u00e1dku individu\u00e1ln\u00edm pot\u0159eb\u00e1m.<\/p>\n<p><strong>MIMOCHODEM&#8230;<\/strong><br \/>\nDynathern Topn\u00e1 f\u00f3lie se d\u00e1le pou\u017e\u00edv\u00e1 v textiln\u00edm pr\u016fmyslu k oh\u0159evu \u017eehl\u00edc\u00edch prken !<\/p>\n<\/div><\/section><\/div><\/div><!--close column table wrapper. Autoclose: 1 --><div class='flex_column_table av-equal-height-column-flextable -flextable' ><div class=\"flex_column av_two_fifth  no_margin flex_column_table_cell av-equal-height-column av-align-top   \" style='padding:20px; border-radius:0px; '><section class=\"av_textblock_section \"  itemscope=\"itemscope\" itemtype=\"https:\/\/schema.org\/CreativeWork\" ><div class='avia_textblock  '   itemprop=\"text\" ><p><img loading=\"lazy\" class=\"alignnone size-full wp-image-909\" src=\"http:\/\/www.dynatherm.cz\/wp-content\/uploads\/2018\/05\/ohrev-venkovnich-ploch.jpg\" alt=\"oh\u0159ev venkovn\u00edch ploch\" width=\"453\" height=\"262\" srcset=\"http:\/\/dynatherm.cz\/wp-content\/uploads\/2018\/05\/ohrev-venkovnich-ploch.jpg 453w, http:\/\/dynatherm.cz\/wp-content\/uploads\/2018\/05\/ohrev-venkovnich-ploch-300x174.jpg 300w, http:\/\/dynatherm.cz\/wp-content\/uploads\/2018\/05\/ohrev-venkovnich-ploch-450x260.jpg 450w\" sizes=\"(max-width: 453px) 100vw, 453px\" \/><\/p>\n<\/div><\/section><\/div><\/div><!--close column table wrapper. Autoclose: 1 -->\n\n<\/div><\/div><\/div><!-- close content main div --><\/div><\/div><\/div><div id='av_section_6' class='avia-section main_color avia-section-small avia-no-shadow av-section-color-overlay-active avia-bg-style-scroll   container_wrap fullsize'   ><div class='av-section-color-overlay-wrap'><div class='av-section-color-overlay' style='opacity: 1; background-color: #020202; '><\/div><div class='container' ><div class='template-page content  av-content-full alpha units'><div class='post-entry post-entry-type-page post-entry-898'><div class='entry-content-wrapper clearfix'>\n<div class='flex_column_table av-equal-height-column-flextable -flextable' ><div class=\"flex_column av_one_fifth  no_margin flex_column_table_cell av-equal-height-column av-align-top first  \" style='padding:20px; border-radius:0px; '><\/div><\/div><!--close column table wrapper. Autoclose: 1 --><div class='flex_column_table av-equal-height-column-flextable -flextable' ><div class=\"flex_column av_three_fifth  no_margin flex_column_table_cell av-equal-height-column av-align-top   \" style='padding:20px; border-radius:0px; '><form action=\"http:\/\/dynatherm.cz\/?page_id=898\" method=\"post\"  class=\"avia_ajax_form av-form-labels-visible    \" data-avia-form-id=\"1\" data-avia-redirect=''><fieldset><h3>Cenov\u00e1 kalkulace Dynatherm:<\/h3><p class=' first_form  form_element form_element_third' id='element_avia_1_1'><label for=\"avia_1_1\">Va\u0161e jm\u00e9no<\/label> <input name=\"avia_1_1\" class=\"text_input \" type=\"text\" id=\"avia_1_1\" value=\"\" \/><\/p><p class=' form_element form_element_third' id='element_avia_2_1'><label for=\"avia_2_1\">E-Mail <abbr class=\"required\" title=\"required\">*<\/abbr><\/label> <input name=\"avia_2_1\" class=\"text_input is_email\" type=\"text\" id=\"avia_2_1\" value=\"\" \/><\/p><p class=' form_element form_element_third' id='element_avia_3_1'><label for=\"avia_3_1\">Telefon <abbr class=\"required\" title=\"required\">*<\/abbr><\/label> <input name=\"avia_3_1\" class=\"text_input is_phone\" type=\"text\" id=\"avia_3_1\" value=\"\" \/><\/p><p class=' first_form  form_element form_element_fourth' id='element_avia_4_1'><label for=\"avia_4_1\">V\u00fdm\u011bra podlahy v m2<\/label> <input name=\"avia_4_1\" class=\"text_input \" type=\"text\" id=\"avia_4_1\" value=\"\" \/><\/p><p class=' form_element form_element_three_fourth av-last-visible-form-element' id='element_avia_5_1'>\t <label for=\"avia_5_1\" class=\"textare_label hidden textare_label_avia_5_1\">Dopl\u0148uj\u00edc\u00ed informace<\/label>\t <textarea  name=\"avia_5_1\" class=\"text_area \" cols=\"40\" rows=\"7\" id=\"avia_5_1\" ><\/textarea><\/p><p class=\"hidden\"><input type=\"text\" name=\"avia_6_1\" class=\"hidden \" id=\"avia_6_1\" value=\"\" \/><\/p><p class=\"form_element \"><input type=\"hidden\" value=\"1\" name=\"avia_generated_form1\" \/><input type=\"submit\" value=\"Odeslat\" class=\"button\"  data-sending-label=\"Sending\"\/><\/p><\/fieldset><\/form><div id=\"ajaxresponse_1\" class=\"ajaxresponse ajaxresponse_1 hidden\"><\/div><\/div><\/div><!--close column table wrapper. Autoclose: 1 --><div class='flex_column_table av-equal-height-column-flextable -flextable' ><div class=\"flex_column av_one_fifth  no_margin flex_column_table_cell av-equal-height-column av-align-top   \" style='padding:20px; border-radius:0px; '><\/div><\/div><!--close column table wrapper. Autoclose: 1 -->\n\n","protected":false},"excerpt":{"rendered":"","protected":false},"author":1,"featured_media":0,"parent":0,"menu_order":0,"comment_status":"closed","ping_status":"closed","template":"","meta":[],"_links":{"self":[{"href":"http:\/\/dynatherm.cz\/index.php?rest_route=\/wp\/v2\/pages\/898"}],"collection":[{"href":"http:\/\/dynatherm.cz\/index.php?rest_route=\/wp\/v2\/pages"}],"about":[{"href":"http:\/\/dynatherm.cz\/index.php?rest_route=\/wp\/v2\/types\/page"}],"author":[{"embeddable":true,"href":"http:\/\/dynatherm.cz\/index.php?rest_route=\/wp\/v2\/users\/1"}],"replies":[{"embeddable":true,"href":"http:\/\/dynatherm.cz\/index.php?rest_route=%2Fwp%2Fv2%2Fcomments&post=898"}],"version-history":[{"count":9,"href":"http:\/\/dynatherm.cz\/index.php?rest_route=\/wp\/v2\/pages\/898\/revisions"}],"predecessor-version":[{"id":989,"href":"http:\/\/dynatherm.cz\/index.php?rest_route=\/wp\/v2\/pages\/898\/revisions\/989"}],"wp:attachment":[{"href":"http:\/\/dynatherm.cz\/index.php?rest_route=%2Fwp%2Fv2%2Fmedia&parent=898"}],"curies":[{"name":"wp","href":"https:\/\/api.w.org\/{rel}","templated":true}]}}